(s) = -g(s) - 4*x(s). Determine n(y).
0
Let m(g) = -4*g + 11*g - 8 - 6*g. What is m(0)?
-8
Let x = -4 + 2. Let u(d) be the second derivative of -d**3/6 + d**2 - 2*d. Let v(r) = r - 1. Let p(m) = x*u(m) - 5*v(m). Calculate p(3).
-8
Let o(x) = -x**3 + 4*x**2 + x - 4. Suppose 11*w - 13*w + 8 = 0. What is o(w)?
0
Let a(y) = y + 6. Suppose 5*f + 23 = -7. What is a(f)?
0
Let a(g) be the first derivative of -g**3/3 - g**2 + 1. Suppose u - 2 = -4. What is a(u)?
0
Let y be ((-24)/(-10) + -2)*15. Let n(r) = 4*r - 6 - 2 + 0 - y*r. Suppose -1 = 4*b + 23. Calculate n(b).
4
Let h = -11 + 17. Suppose -4*b + 21 = 5*k + h, 0 = 2*k - 3*b - 6. Let p(m) = -m**3 + 4*m**2 - 2*m. What is p(k)?
3
Let c(d) = d**2 - 5*d. Suppose 0 = z - 5*z + 12. Suppose 3*i - z = 9. Let t = i - 1. Determine c(t).
-6
Let m be -5*(2 - (-8)/(-5)). Let r(z) = 3*z**3 + 3*z**2 - 2*z. Let t(b) = 7*b**3 + 7*b**2 - 5*b + 1. Let x(i) = 5*r(i) - 2*t(i). Give x(m).
-6
Let d = -6 + 12. Let c(h) = 2. Let j(w) = w**2 - 6*w + 20. Let t(b) = -6*c(b) + j(b). Determine t(d).
8
Let s(v) = 4*v + 0 - 3*v**2 - v + 4 + 0*v**2. What is s(3)?
-14
Let u(l) = -8*l. Let i be (-11)/(-9) + (0 - (-2)/(-9)). Give u(i).
-8
Let g = -3 - -7. Suppose -7*h + 15 = -2*h. Let b(s) = h*s + g - 4. Calculate b(2).
6
Let w(z) = -19*z - 4. Let t(v) = 9*v + 2. Let q(c) = -13*t(c) - 6*w(c). Let o be 6/15 + 46/10. Suppose 7 = -3*r - o. What is q(r)?
10
Let h be 6 - (1 - 0/(-3)). Let v(m) = 2 + 4*m - 2 + m + h + m**2. Determine v(-4).
1
Let w(v) = -14 + v + v**3 + 0*v**2 + 6 + 9 - 6*v**2. Calculate w(6).
7
Let f(t) = -t**3 + t**2 + 2. Let r be f(0). Let h(b) = 7*b - 1 - 7*b**2 - 4*b**2 + 14*b**r - 4*b**2. Determine h(5).
9
Suppose -176*s + 181*s + 25 = 0. Let z(o) = o**3 + 5*o**2 + o - 4. Calculate z(s).
-9
Let q(c) be the second derivative of 2*c**3/3 - c**2/2 - 2*c. Suppose 13 = -4*j + a, -3*j = 2*a + 1 + 6. Give q(j).
-13
Let w(y) = y + 3. Let s(a) = -3*a - 9. Let p(b) = -4*s(b) - 11*w(b). Give p(4).
7
Suppose 6 = -2*q, 0 = -5*h + 3*q + 6 + 3. Let w = h + -5. Let m(c) = 4 - 3 - 4 - c. Calculate m(w).
2
Let j = -6 + 4. Let w(y) = -y**3 + y**2 + 2*y + 3. Calculate w(j).
11
Let h be 14/(-4)*2*(2 + -1). Let g(s) = s + 8. Give g(h).
1
Suppose a + 2*u + 2 = 0, 4*a - a + 4*u = -4. Let c(n) = -n**2 + n - 3. Determine c(a).
-3
Let y(w) = 9*w**3 + 2*w**2 + 4*w. Let q(r) = 17*r**3 + 3*r**2 + 7*r. Let a(h) = 3*q(h) - 5*y(h). Determine a(1).
6
Let b(j) = 2 + 0*j + 5 - 2*j. Suppose 3*h = 4*n - 8 - 0, -2*n + 4*h - 6 = 0. Give b(n).
-3
Let p(f) be the second derivative of 5*f**4/12 + 11*f**3/6 + f**2 + 3*f. Let a(m) = -2*m**2 - 4*m - 1. Let v(n) = 8*a(n) + 3*p(n). Determine v(3).
-8
Let o(x) = x**2 + 5*x + 5. Let m(v) = v**3 - 2*v**2 - 4. Let q be m(3). Suppose 5*f = 2*d - q*d + 5, 5*f = -2*d + 10. Give o(d).
5
Let n(d) be the second derivative of -d**5/20 - 5*d**4/12 - d**3/2 - 3*d**2 + 53*d - 2. What is n(-5)?
9
Let t(s) = s + 2. Let j = 13 - 29. Let l = 11 + j. Calculate t(l).
-3
Let w(m) = -m**3 + 7*m**2 - 6*m - 4. Suppose -a = -0*a + 3. Let v(i) = 2*i**2 + 3*i - 3. Let t be v(a). Give w(t).
-4
Let v(w) = 3*w**2 - 2*w - 2. Let q(f) = 2*f**2 + 4*f + 2. Suppose -5*i + 3 - 13 = 0. Let l be q(i). What is v(l)?
6
Suppose -2*s + s + 5 = 0. Suppose 0 = 2*i - s*i + 9. Let m(v) = v**2 - 6*v + 1. What is m(i)?
-8
Let c = 14 + -10. Let g(h) = -h**3 + 3*h**2 + 3*h + 2. Determine g(c).
-2
Let x(n) = -3*n**2 + 4 - n**2 + 2*n**3 - n**3. Let h(m) = 7*m**2 - 2*m - 1. Let p be h(-1). Let w = -5 + p. What is x(w)?
-5
Let u(v) be the second derivative of v**7/2520 + v**6/120 + v**5/60 - v**4/12 - 2*v. Let y(c) be the third derivative of u(c). What is y(-5)?
-3
Let a(n) be the third derivative of n**4/24 + 2*n**3/3 + 6*n**2. Let o be (-2)/8 - (-2)/8. Determine a(o).
4
Let h(a) = 7*a**3 - 1 - 3*a**3 - a + 3*a**3 + 0*a + a**2. Give h(-1).
-6
Suppose -4*r = -0*r - 24. Suppose -2*d + 2*k = -10, 4*k + 6 = 3*d - r*d. Suppose -5*j - 6*y + y = 35, 4*y = -d*j - 18. Let f(s) = s**2 + 2*s - 4. What is f(j)?
11
Suppose -24 = 4*p - 4. Let g(m) = m - 2. What is g(p)?
-7
Let z(f) = -f**2 + 3. Let k be 4/2 + 17 + -22. Determine z(k).
-6
Suppose -j + 3*j + 19 = 3*k, 4*j = 5*k - 35. Let w(f) = 7*f**2 + 14*f - 7 + 5*f + 2*f**3 - 23*f - 3*f**k. Calculate w(6).
5
Let x(f) be the third derivative of f**4/24 - f**3/6 - 7*f**2. Calculate x(-1).
-2
Suppose 1 - 3 = 2*h. Let x(i) = -5*i. Give x(h).
5
Let l(i) = -2*i + 3. Let h = -32 + 52. Suppose u + h = 5*u + 4*j, -u - 5*j = -17. Suppose u = 2*w - 2. Give l(w).
-1
Let u(p) = -p**3 - 4*p**2 + 6*p - 6. Let i = 122 + -127. Calculate u(i).
-11
Let t(y) = -2*y - 8. Let u = -17 - -10. Determine t(u).
6
Let n(o) = -o**3 - 6*o**2 + 1. Let t be n(-6). Let f(v) = 2*v**2 + 3*v. Let z be f(-2). Let u(w) = -w**z + 5*w**2 - 5*w**2. Give u(t).
-1
Let h(m) = -m + 8. Let f be h(7). Let x(r) = -r - 2. Let j(z) = 2. Let k(a) = -3. Let w(q) = -7*j(q) - 5*k(q). Let l(n) = f*x(n) + 3*w(n). What is l(2)?
-1
Suppose -58*n + 4 = -57*n. Let b(d) = 2*d - 2. Give b(n).
6
Let c(z) = 3*z**2 + 13*z + 2. Let g(u) = 2*u**2 + 7*u + 1. Let s(i) = 4*c(i) - 7*g(i). Let o = -1 - -4. What is s(o)?
-8
Let m = -25 - -20. Let h(d) = d**3 + 6*d**2 + 3*d - 5. Determine h(m).
5
Let n(p) = -3*p**3 - p**2 + p + 1. Let y be n(-1). Suppose -3 = -k - y. Let h(v) = 7*v + 1. Determine h(k).
8
Let f(r) = -r**3 - 10*r**2 - r - 8. Let g be f(-10). Let l(c) = 4*c**g + 13*c - 9 - 5*c - 5*c**2. Determine l(6).
3
Let k(v) = -v**3 - 6*v**2 - v - 3. Suppose 2*r = -0 - 12. Calculate k(r).
3
Let v(s) = s**2 - 7*s - 2. Let a = 54 + -47. Give v(a).
-2
Let p(u) = -u + 4. Suppose 2*q = 4 - 12. Let k be -5 + (-1 + 1)/q. Determine p(k).
9
Let h(v) = 0*v + 5 + 4*v - 3*v - 4. Let a be h(-4). Let w(c) = -c**3 - 3*c**2 + 3*c - 4. What is w(a)?
-13
Let t(o) be the first derivative of 0*o - o**3 - 1/60*o**5 + 3 + 1/24*o**4 + 0*o**2. Let n(q) be the third derivative of t(q). What is n(4)?
-7
Let m(n) = n**3 - 7*n**2 + 5*n + 1. Let p be m(6). Let z(b) = -2*b + 3 - 4*b + 4*b + 4*b. Calculate z(p).
-7
Let v(q) = 3*q**2 - 3*q. Suppose 0 = -2*c + 7 + 1. Suppose o = -c*m + 6, o - m - 5 = -4*m. Give v(o).
6
Let b = 10 - 7. Let w(o) = o**3 - 8*o + o**2 + 7*o + b*o**2. Determine w(-4).
4
Let l(y) = -15*y - 9. Let r(t) = 8*t + 5. Let v(d) = 6*l(d) + 11*r(d). Determine v(-1).
3
Let x(f) be the second derivative of f**5/20 - 5*f**4/6 + f**3/3 - 15*f**2/2 - f + 13. Calculate x(10).
5
Let o = 28 + -13. Suppose -h + 33 = 2*h. Let y = o - h. Let c(s) = -s**2 + 5*s - 1. Determine c(y).
3
Let h(u) = u**3 - 6*u**2 - 6*u + 5. Let b be ((-231)/6)/(-7) + (-1)/(-2). Calculate h(b).
-31
Suppose -j + 18 = -r, 2 = -2*r - 6. Suppose 1 = 5*x - j. Let y(o) = o**2 - 5*o + 2. Calculate y(x).
-4
Let x be 147/28 - 6/(-8). Let d(i) = -i + 6. Give d(x).
0
Let m(q) be the third derivative of -3*q**6/40 - q**5/30 + q**4/24 + 8*q**2. Calculate m(1).
-10
Suppose -u + 3 = -l - 4*l, -4*l = -2*u. Let v(t) = 4*t**2 - 2*t - 1. What is v(l)?
5
Let f(z) = 5*z + 11. Let n(c) = -c - 2. Suppose o = -5*d - 64 - 97, 0 = -4*d + 3*o - 144. Let v(k) = d*n(k) - 6*f(k). Determine v(-2).
-6
Let k be 1*(-3)/(-3)*(-2)/(-6). Let g(f) be the first derivative of 3 - 3*f**2 - k*f**3 - 4*f. What is g(-4)?
4
Let b(h) = -h**3 + 2*h**2 + 3*h + 3. Let a be b(3). Suppose x - 2*x + a = 0. Let y(l) = -l**2 + l**3 + 1 - 2 - 4*l + 0*l**2. Give y(x).
5
Let y(w) be the third derivative of 0*w + w**2 - 1/6*w**3 - 1/8*w**4 + 1/12*w**5 + 0 - 1/120*w**6. Give y(3).
8
Let v(r) be the third derivative of -r**5/60 - r**4/24 + r**3/3 - 5*r**2. What is v(-3)?
-4
Let f = 100 + -107. Let o(w) = w**3 + 7*w**2 + w + 8. Calculate o(f).
1
Suppose f - 4*f + 9 = 0, 47 = 5*w + 4*f. Let p(y) = y - 4. What is p(w)?
3
Let i(v) = -v**3 - 5*v**2 + 3*v + 7. Let q = -26 - -21. What is i(q)?
-8
Let f(b) = 2*b**2 - 7*b + 2. Let p(j) = j**2 - 4*j + 1. Let s(v) = 3*f(v) - 5*p(v). Calculate s(2).
3
Let z(g) = -3*g - 7. Let s(d) = 18*d**2 + d - 1. Let w be s(1). Suppose -5*u + 82 = -c, u - 2*c = -c + w. Let i = 11 - u. Give z(i).
8
Let w(s) be the first derivative of s**5/60 - s**4/24 - 2*s**3/3 - 3*s**2 - 5. Let y(x) be the second derivative of w(x). Give y(4).
8
Let f(u) = -7*u + 1. Let m be f(1). Let c(s) = -s - 1. Let t(n) = -n**2 - 10*n - 9. Let b(o) = m*c(o) + t(o). Let k be (3 - 5) + 6/(-2). Determine b(k